1/5 - u/5.
2
Suppose 5*m + w = 18753, 0*m + 18747 = 5*m - w. What are the prime factors of m?
2, 3, 5
Suppose 2*i = 49 + 307. Let v = -91 + i. List the prime factors of v.
3, 29
Let b(u) = u**3 + 16*u**2 + 13*u + 6. Let g be b(-15). Let f be 2/(-9) + (-100)/g. List the prime factors of 162/3 + f + 0.
3, 17
Let d be 2/(-6)*(-9 - 9). Let q be (4/d)/(4/24). Suppose -74 = -4*i + 5*h, q = -4*h - 4. What are the prime factors of i?
2
Let v = 9892 - 5182. What are the prime factors of v?
2, 3, 5, 157
Let t = -1680 + 1855. What are the prime factors of t?
5, 7
Let q(c) be the third derivative of -c**5/60 + 5*c**4/12 - c**3/2 - 4*c**2. Let t be q(9). Suppose t = -p + 2*p. List the prime factors of p.
2, 3
Let n(q) = 28*q**2 + 78*q + 533. What are the prime factors of n(-10)?
3, 23, 37
Let g(m) = 23*m**2 + 17*m - 40. List the prime factors of g(4).
2, 3, 11
Suppose 564 = 3*j - 5*r, 0 = 4*j - 5*r - 295 - 457. List the prime factors of j.
2, 47
Suppose 0 = 29*b - 34*b + 1885. List the prime factors of b.
13, 29
Suppose -b + 72 = -5*o - 334, 5*b - 2*o - 2145 = 0. List the prime factors of b.
431
Suppose 2*b - 23 = -15. Suppose -189 = -3*i - 3*t - 0, -b*t = -i + 88. List the prime factors of i.
2, 17
Let y(b) = 14*b**2 + 2*b + 10. What are the prime factors of y(8)?
2, 461
Suppose -5*x = 5*u + 25, 2*x + 2*x = 3*u - 6. Let c be 0 - (-3 - (x + 11)). Let k = c - 0. List the prime factors of k.
11
Suppose 0 = -3*p + 850 + 758. What are the prime factors of p?
2, 67
Suppose 19*g = 4*g + 8655. List the prime factors of g.
577
Suppose -96*m + 78*m = -30744. List the prime factors of m.
2, 7, 61
Suppose -25 = -2*f - 17. Suppose 3*v + f*i = i + 315, v - 114 = -4*i. What are the prime factors of v?
2, 3, 17
Suppose 0 = -2*w + 2 - 14. Let t be (w/5)/(3/(-250)). Suppose -3*a - 22 = -t. What are the prime factors of a?
2, 13
Suppose 7*v - 40 = 128. What are the prime factors of -25 + v - -1*44?
43
Suppose -y + 30 = 9*y. Suppose 0 = -3*p - y*q + 402, 3*p - 2*q - 426 = 3*q. What are the prime factors of p?
137
Suppose 0 = -5*k - 4*f + 33, -13 = -5*k + 4*k - 4*f. Let s(z) = 24*z + 1. List the prime factors of s(k).
11
Let b be -128 + 1 - -1 - -2. Suppose q - 95 = -5*o, -o + 6*o + 5*q = 115. List the prime factors of o/27 + b/(-3).
2, 3, 7
Let k = 99 + -70. Let q = k + -99. Let y = -42 - q. What are the prime factors of y?
2, 7
Suppose 0 = -4*r + 1008 + 152. What are the prime factors of r?
2, 5, 29
Let r(m) be the first derivative of m**3/3 - 2*m**2 - 5*m - 127. Let k be 1 - (-1 + 1 - 6). What are the prime factors of r(k)?
2
Suppose 2*u - 613 = 3*y, 2*u = -3*u + 5*y + 1525. What are the prime factors of u?
2, 151
Suppose 0*g + 3*g = 0. Suppose 14 = -2*o + 4*i, 2*o + g*o + 9 = 3*i. Suppose o*l - 12 = -4*n + 17, 4*l = 5*n - 75. List the prime factors of n.
11
Suppose -3*s + 4*w = -2072, -3*s = 4*w + w - 2081. What are the prime factors of s?
2, 173
Let p(r) = 21*r - 21. Let z be p(9). List the prime factors of z + (0 + 6 - 2).
2, 43
Let q = 875 + -474. What are the prime factors of q?
401
Let d(x) = -x**3 + 7*x**2 - 3*x + 3. Let v be d(6). Suppose -19*o - 164 = -v*o. List the prime factors of o.
2, 41
Suppose -5*x + 5*y + 4285 = 0, -6*y = -7*x - 8*y + 5999. What are the prime factors of x?
857
Let z(v) = -3*v**2 + 3*v + 4. Let r be z(3). Let h = r - -17. Let l = 5 - h. List the prime factors of l.
2
Let l be 9/((-36)/(-16)) - 28. Let z = l - -26. Suppose z*u - 3*w - 104 = 0, -3*w - 336 = -4*u - 128. What are the prime factors of u?
2, 13
Let g = 11 + 27. Suppose 19 + g = u. What are the prime factors of u?
3, 19
Suppose 23 + 22 = 5*r. Let u be (-106)/r + (-2)/9. Let h(x) = -x**2 - 14*x - 17. What are the prime factors of h(u)?
7
Let i(y) = -37*y + 12. Suppose 5*g - 2 - 3 = 0, 4*v + 40 = 4*g. Let b(t) = 9*t - 3. Let j(a) = v*b(a) - 2*i(a). What are the prime factors of j(-3)?
2, 3
Let h(u) = -11 - 17*u - u**2 - 4*u**2 + 4*u**2. What are the prime factors of h(-12)?
7
Let d = 2 + 7. Let m be 13*3/d*-3. Let g(b) = -3*b - 18. What are the prime factors of g(m)?
3, 7
Let d(h) = h + 40. Let r(t) = t + 27. Let p be r(-12). Suppose 2*s = 5*j + 20, 5*s - p = 3*j - 3. List the prime factors of d(s).
2, 5
Suppose 3*o - 7268 = -i, 2*o = -i - 4*i + 4841. List the prime factors of o.
2423
Let t(z) be the first derivative of -z**4/2 - 8*z**3/3 - z**2 + 4*z - 118. Suppose -2*d + 7*d = -j, -3*d - 2 = j. What are the prime factors of t(j)?
2
Suppose 104 = 6*b - 580. Suppose 5*y + 2*w + 140 = 0, b = -4*y + 5*w - 31. List the prime factors of (40/y)/((-2)/33).
2, 11
Suppose -612 = 4*y - 4*c, -4*c + 150 = -y - 6*c. Let q = -90 - y. Suppose q + 13 = 5*r. List the prime factors of r.
3, 5
Let x = 579 + -575. Let i be (-1)/2*(2 + -2). Let p = x + i. List the prime factors of p.
2
Suppose -25 - 19 = 4*m. Let y = 8 + 27. Let z = y + m. What are the prime factors of z?
2, 3
What are the prime factors of 75088/48 + (-8)/(-3)?
1567
Suppose -3*p + 42*j - 39*j = -1698, 2*p = -3*j + 1112. What are the prime factors of p?
2, 281
Let x = 5784 - 3809. List the prime factors of x.
5, 79
Let d be (2/(-2))/((-45)/(-10) + -5). Suppose -g + 16 = 4*j + j, 2*g = -4*j + 14. Let u = d + j. List the prime factors of u.
5
Let g be (-1)/((-6)/4441) + (-1)/6. Suppose -g = 57*w - 61*w. What are the prime factors of w?
5, 37
Let a = 27 - 46. Let c be -1 + 0 + -38 + -3. Let l = a - c. List the prime factors of l.
23
Let f = 0 + 2. Let i be (-996)/(-8) - 1/f. Suppose -340 = -8*v + i. What are the prime factors of v?
2, 29
Suppose -5*y = -10*y - 20. What are the prime factors of 45/3 - (7 + y)?
2, 3
Suppose -2*g - 4*h + 212 = h, 0 = -g - 2*h + 105. Let k = 61 - g. Let c = 62 + k. List the prime factors of c.
2, 11
Let m = -359 + 106. Let q = -127 - m. What are the prime factors of 4/(-14) + 288/q?
2
Let x = -34 + 36. Suppose -x*u + 4*a + 144 - 40 = 0, 3*a = 4*u - 213. List the prime factors of u.
2, 3
Let n(k) = 245*k + 164. What are the prime factors of n(8)?
2, 3, 59
Let c(g) = -17*g. What are the prime factors of c(-30)?
2, 3, 5, 17
Suppose 0 = -5*p - 3*o + 725, 0 = -2*p - 2*o + 4*o + 274. Suppose 2*a - p = r - 3*r, 141 = 2*r + a. List the prime factors of r.
2, 5, 7
Suppose -o + 3*y = -6, -2*o + 15 - 3 = -2*y. Let m(i) = 11*i - 17. What are the prime factors of m(o)?
7
Let d(q) = q**3 + q**2 + 7. Let c be d(0). Suppose c*g - 5*g = 142. List the prime factors of g.
71
Let h(d) be the first derivative of -d**4/8 + 5*d**3/6 - 6*d**2 + 4. Let l(r) be the second derivative of h(r). List the prime factors of l(-18).
59
Let g(r) be the second derivative of r**4/6 - 3*r**3/2 - 7*r**2/2 - r. Let w be g(6). List the prime factors of 1*w + (9 - 10).
2, 5
Let t(p) = -2*p**3 - 2*p**2 + 4. Let a be t(0). Suppose 5*u + 200 = 3*b, -224 = -4*b - 0*b - a*u. What are the prime factors of b?
2, 3, 5
Suppose -2189 = 5*d + 3*u, -3*u = 2*d - 6*u + 863. Let v = 657 + d. What are the prime factors of v?
13, 17
Suppose 2*p + d = -112, 5*p + 3*d + 91 = -191. Let f = p - -108. What are the prime factors of f?
2, 3
Suppose 4*w = 26 + 14. Suppose 7 = -b + w. Suppose -b*d = -4*d + 4*o, -3*o = -12. List the prime factors of d.
2
Let c(p) = -p**3 - 20*p**2 - 24*p - 28. Suppose 4*a - 4*y + 72 = 0, 2*y + 79 = -4*a - y. What are the prime factors of c(a)?
67
Let h = 403 + -243. List the prime factors of h.
2, 5
Suppose -4940 - 4860 = -28*w. What are the prime factors of w?
2, 5, 7
Let b(f) = f**3 + 2*f**2 - 3*f - 3. Let i be b(-2). Suppose -5*q + 27 = -i. Let p = q + 13. List the prime factors of p.
19
Let b(h) = -24*h**2 + 3*h + 13. Let n(q) be the first derivative of -4*q**3 + q**2/2 + 6*q + 2. Let m(o) = 4*b(o) - 9*n(o). What are the prime factors of m(1)?
13
Suppose -n + 2103 = -4*l, 11*l = 2*n + 10*l - 4178. What are the prime factors of n?
2087
Suppose 4 = 2*r - 0. Suppose 0 = -2*b - r*b + 140. Let a = 58 - b. List the prime factors of a.
23
Let x = -29 + 67. Let l = x + 34. Suppose 9*p = 6*p + 4*c + l, 2*p - 31 = -3*c. What are the prime factors of p?
2, 5
Let c(s) = 2*s**3 - 65*s**2 + 16*s + 241. What are the prime factors of c(33)?
2, 929
Suppose 4*y + 3*r - 54 = 0, 0*y - 4*r - 4 = -y. Suppose -14*b = -y*b - 140. What are the prime factors of b?
2, 5, 7
Let r(g) = g**3 - 5*g**2 - 9*g + 12. Let w = -21 + 29. What are the prime factors of r(w)?
